{"id":1285,"date":"2023-05-12T14:52:27","date_gmt":"2023-05-12T12:52:27","guid":{"rendered":"https:\/\/www.netvolleyangleur.be\/netvolley.angleur@gmail.com\/?page_id=1285"},"modified":"2023-08-03T18:38:34","modified_gmt":"2023-08-03T16:38:34","slug":"saison-2013-2014","status":"publish","type":"page","link":"https:\/\/www.netvolleyangleur.be\/index.php\/saison-2013-2014\/","title":{"rendered":"Bilan sportif 2013-2014"},"content":{"rendered":"\t\t<div data-elementor-type=\"wp-page\" data-elementor-id=\"1285\" class=\"elementor elementor-1285\">\n\t\t\t\t\t\t<section class=\"elementor-section elementor-top-section elementor-element elementor-element-967c73c elementor-section-boxed elementor-section-height-default elementor-section-height-default\" data-id=\"967c73c\" data-element_type=\"section\" data-e-type=\"section\">\n\t\t\t\t\t\t<div class=\"elementor-container elementor-column-gap-default\">\n\t\t\t\t\t<div class=\"elementor-column elementor-col-100 elementor-top-column elementor-element elementor-element-6ff4dae3\" data-id=\"6ff4dae3\" data-element_type=\"column\" data-e-type=\"column\">\n\t\t\t<div class=\"elementor-widget-wrap elementor-element-populated\">\n\t\t\t\t\t\t<div class=\"elementor-element elementor-element-3809152d elementor-widget elementor-widget-text-editor\" data-id=\"3809152d\" data-element_type=\"widget\" data-e-type=\"widget\" data-widget_type=\"text-editor.default\">\n\t\t\t\t<div class=\"elementor-widget-container\">\n\t\t\t\t\t\t\t\t\t\n<div class=\"wp-block-media-text alignwide is-stacked-on-mobile\">\n<figure class=\"wp-block-media-text__media\"><img fetchpriority=\"high\" decoding=\"async\" width=\"640\" height=\"480\" class=\"wp-image-1329 size-full\" src=\"https:\/\/www.netvolleyangleur.be\/netvolley.angleur@gmail.com\/wp-content\/uploads\/2023\/05\/d3a-2.jpg\" alt=\"\" srcset=\"https:\/\/www.netvolleyangleur.be\/wp-content\/uploads\/2023\/05\/d3a-2.jpg 640w, https:\/\/www.netvolleyangleur.be\/wp-content\/uploads\/2023\/05\/d3a-2-300x225.jpg 300w\" sizes=\"(max-width: 640px) 100vw, 640px\" \/><\/figure>\n<div class=\"wp-block-media-text__content\">\n<p>\u00a0<\/p>\n\n<p><span style=\"color: #0000ff;\"><strong>&#8211;\u00a0<u>Equipe Mixte A Division 3<\/u><\/strong>:<\/span><br \/><span style=\"color: #ff0000;\"><strong>\u00ab\u00a0Premi\u00e8re de D3X :<br \/>Monte en D2&Prime;<\/strong><\/span><\/p>\n\n<p><strong><span style=\"color: #000000;\">Composition de la D3 A<\/span><\/strong><\/p>\n<p><strong><span style=\"color: #000000;\">&#8211; Pierre Andr\u00e9 &#8211; Luc Bodart &#8211; Dieudo Courtois &#8211; Pierre Gomez &#8211; Louis Moreau &#8211; Andr\u00e9 Munster &#8211; Mady Quarr\u00e9 &#8211; Jean Ramakers<\/span><\/strong><\/p>\n\n<p>\u00a0<\/p>\n\n<p>\u00a0<\/p>\n<\/div>\n<\/div>\n\n<p>\u00a0<\/p>\n\n<p>\u00a0<\/p>\n\n<figure class=\"wp-block-table\">\n<table>\n<tbody>\n<tr>\n<td>\n<p><strong>\u00a0<span style=\"color: #0000ff;\"><u>Equipe mixte Division 1 :<\/u><\/span><br \/><\/strong><strong><span style=\"color: #ff0000;\">\u00ab\u00a0Quatri\u00e8me de D1\u00a0\u00bb<\/span><\/strong><\/p>\n<p><span style=\"color: #000000;\"><strong>Composition de la D1<\/strong><\/span><\/p>\n<p><span style=\"color: #000000;\"><strong>&#8211; Aldo De Bona &#8211; Patrick Delhaye<\/strong>\u00a0<strong>&#8211; Daniel Glineur<\/strong><strong>&#8211; Jacques Honnay<\/strong>\u00a0<strong>&#8211;\u00a0Jean Masson (<u>capitaine)<\/u><\/strong>\u00a0<strong>&#8211; Henri Pasque<\/strong>\u00a0<strong>&#8211; Emile Van Engelshoven<\/strong>\u00a0<\/span><\/p>\n<\/td>\n<td>\n<p><img decoding=\"async\" class=\"alignnone size-full wp-image-4498\" src=\"https:\/\/www.netvolleyangleur.be\/wp-content\/uploads\/2023\/07\/Aldo-2-2.jpg\" alt=\"\" width=\"60\" height=\"80\" \/><img decoding=\"async\" class=\"alignnone size-full wp-image-4475\" src=\"https:\/\/www.netvolleyangleur.be\/wp-content\/uploads\/2023\/07\/2021-2022.jpg\" alt=\"\" width=\"65\" height=\"75\" \/><\/p>\n<p><img decoding=\"async\" class=\"alignnone size-full wp-image-4475\" src=\"https:\/\/www.netvolleyangleur.be\/wp-content\/uploads\/2023\/07\/2021-2022.jpg\" alt=\"\" width=\"65\" height=\"75\" \/><img loading=\"lazy\" decoding=\"async\" class=\"alignnone size-full wp-image-4162\" src=\"https:\/\/www.netvolleyangleur.be\/wp-content\/uploads\/2023\/07\/Daniel-1.jpg\" alt=\"\" width=\"56\" height=\"75\" \/><\/p>\n<figure id=\"attachment_4593\" aria-describedby=\"caption-attachment-4593\" style=\"width: 58px\" class=\"wp-caption alignnone\"><img loading=\"lazy\" decoding=\"async\" class=\"size-full wp-image-4593\" src=\"https:\/\/www.netvolleyangleur.be\/wp-content\/uploads\/2023\/07\/Jacques-Honnay-1.jpg\" alt=\"\" width=\"58\" height=\"77\" \/><figcaption id=\"caption-attachment-4593\" class=\"wp-caption-text\"><img loading=\"lazy\" decoding=\"async\" class=\"alignnone size-full wp-image-4480\" style=\"font-family: inherit; font-size: inherit;\" src=\"https:\/\/www.netvolleyangleur.be\/wp-content\/uploads\/2023\/07\/Masson-1.jpg\" alt=\"\" width=\"63\" height=\"76\" \/><img loading=\"lazy\" decoding=\"async\" class=\"alignnone size-full wp-image-4692\" style=\"font-family: inherit; font-size: inherit;\" src=\"https:\/\/www.netvolleyangleur.be\/wp-content\/uploads\/2023\/07\/Pasque-2.jpg\" alt=\"\" width=\"64\" height=\"75\" \/><img loading=\"lazy\" decoding=\"async\" class=\"size-full wp-image-4618\" style=\"font-weight: bold; font-family: inherit; font-size: inherit;\" src=\"https:\/\/www.netvolleyangleur.be\/wp-content\/uploads\/2023\/07\/Van-Engelshoven-Emile-10.jpg\" alt=\"\" width=\"63\" height=\"75\" \/><span style=\"font-weight: bold; font-family: inherit; font-size: inherit;\">\u00a0\u00a0<\/span><\/figcaption><\/figure>\n<\/td>\n<\/tr>\n<\/tbody>\n<\/table>\n<\/figure>\n\n<div class=\"wp-block-media-text alignwide is-stacked-on-mobile\">\n<figure class=\"wp-block-media-text__media\"><img loading=\"lazy\" decoding=\"async\" width=\"640\" height=\"480\" class=\"wp-image-1331 size-full\" src=\"https:\/\/www.netvolleyangleur.be\/netvolley.angleur@gmail.com\/wp-content\/uploads\/2023\/05\/d3b-3.jpg\" alt=\"\" srcset=\"https:\/\/www.netvolleyangleur.be\/wp-content\/uploads\/2023\/05\/d3b-3.jpg 640w, https:\/\/www.netvolleyangleur.be\/wp-content\/uploads\/2023\/05\/d3b-3-300x225.jpg 300w\" sizes=\"(max-width: 640px) 100vw, 640px\" \/><\/figure>\n<div class=\"wp-block-media-text__content\">\n<p>\u00a0<\/p>\n\n<figure class=\"wp-block-table\">\n<table>\n<tbody>\n<tr>\n<td>\n<p><strong>\u00a0<span style=\"color: #0000ff;\"><u>Equipe mixte B Division 3 :<\/u><\/span><\/strong><br \/><span style=\"color: #ff0000;\"><strong>\u00ab\u00a0Sixi\u00e8me de D3X\u00a0\u00bb<\/strong><\/span><\/p>\n<p><span style=\"color: #000000;\"><strong>Compositionde la D3B<\/strong><\/span><\/p>\n<p><span style=\"color: #000000;\"><strong>&#8211; Jean-Luc Clobert\u00a0<\/strong><strong>&#8211; Betty Go\u00ebm\u00e9\u00a0<\/strong><strong>&#8211; Marie-No\u00eblle Gr\u00e9try\u00a0<\/strong><strong>&#8211; Andr\u00e9 Jadot\u00a0<\/strong><strong>&#8211; Guy Ledoux<br \/><\/strong><strong>&#8211; Jean-Claude Mathieu\u00a0<\/strong><strong>&#8211; Agn\u00e8s Poncelet\u00a0<\/strong><strong>&#8211; Georges Vlassis\u00a0<\/strong><strong>&#8211; Fran\u00e7oise Wagemans<\/strong><\/span><\/p>\n<\/td>\n<td>\u00a0<\/td>\n<\/tr>\n<\/tbody>\n<\/table>\n<\/figure>\n<\/div>\n<\/div>\n\n<div class=\"wp-block-media-text alignwide is-stacked-on-mobile\">\n<figure class=\"wp-block-media-text__media\"><img loading=\"lazy\" decoding=\"async\" width=\"640\" height=\"480\" class=\"wp-image-1332 size-full\" src=\"https:\/\/www.netvolleyangleur.be\/netvolley.angleur@gmail.com\/wp-content\/uploads\/2023\/05\/da-1a.jpg\" alt=\"\" srcset=\"https:\/\/www.netvolleyangleur.be\/wp-content\/uploads\/2023\/05\/da-1a.jpg 640w, https:\/\/www.netvolleyangleur.be\/wp-content\/uploads\/2023\/05\/da-1a-300x225.jpg 300w\" sizes=\"(max-width: 640px) 100vw, 640px\" \/><\/figure>\n<div class=\"wp-block-media-text__content\">\n<p>\u00a0<\/p>\n\n<p><span style=\"color: #0000ff;\"><strong>&#8211;\u00a0<u>Equipe Dame A Division 1 :<\/u><\/strong><\/span><strong><br \/><\/strong><span style=\"color: #ff0000;\"><strong>\u00ab\u00a0Cinqui\u00e8me de Dames 1 \u00ab\u00a0<\/strong><\/span><\/p>\n\n<p><span style=\"color: #000000;\"><strong>Composition de l&rsquo;\u00e9quipe Dame 1<\/strong><\/span><\/p>\n<p><span style=\"color: #000000;\"><strong>&#8211; Betty Go\u00ebm\u00e9<\/strong><strong><br \/><\/strong><strong>&#8211; Marianne Lespagnard<br \/><\/strong><strong>&#8211; Genevi\u00e8ve Malaxhe<br \/><\/strong><strong>&#8211; Agn\u00e8s Poncelet (Capitaine<\/strong><strong>)<br \/>&#8211; Lucy Rosoux<br \/>&#8211; Fran\u00e7oise Wagemans<\/strong><\/span><\/p>\n<\/div>\n<\/div>\n\n<div class=\"wp-block-media-text alignwide is-stacked-on-mobile\">\n<figure class=\"wp-block-media-text__media\"><img loading=\"lazy\" decoding=\"async\" width=\"640\" height=\"480\" class=\"wp-image-1333 size-full\" src=\"https:\/\/www.netvolleyangleur.be\/netvolley.angleur@gmail.com\/wp-content\/uploads\/2023\/05\/d3c-1.jpg\" alt=\"\" srcset=\"https:\/\/www.netvolleyangleur.be\/wp-content\/uploads\/2023\/05\/d3c-1.jpg 640w, https:\/\/www.netvolleyangleur.be\/wp-content\/uploads\/2023\/05\/d3c-1-300x225.jpg 300w\" sizes=\"(max-width: 640px) 100vw, 640px\" \/><\/figure>\n<div class=\"wp-block-media-text__content\">\n<p>\u00a0<\/p>\n\n<figure class=\"wp-block-table\">\n<table>\n<tbody>\n<tr>\n<td>\u00a0<\/td>\n<td>\n<p><span style=\"color: #0000ff;\"><strong>&#8211;\u00a0<u>Equipe mixte C Division 3 :<\/u><\/strong><\/span><br \/><span style=\"color: #ff0000;\"><strong>\u00ab\u00a0Dixi\u00e8me de D3Y\u00a0\u00bb<\/strong><\/span><\/p>\n<p><span style=\"color: #000000;\"><strong>Composition de la D3C<\/strong><\/span><\/p>\n<p><span style=\"color: #000000;\"><strong><br \/>&#8211; Aziz A\u00effa &#8211; Jeanne Arnold &#8211; Jacques Bourdouxhe &#8211; Jean-Louis Bourguignon<br \/>&#8211; Huberte Daele &#8211; Michel Etienne &#8211; Louis Jandrin &#8211; Marianne Lespagnard &#8211; Suzanne Maes &#8211; Genevi\u00e8ve Malaxhe &#8211; Edouard Missotten &#8211; Jean Tisserant<br \/>&#8211; Lucy Rosoux &#8211; Yperman Jean<\/strong><\/span><\/p>\n<\/td>\n<td>\u00a0\u00a0<\/td>\n<\/tr>\n<\/tbody>\n<\/table>\n<\/figure>\n<\/div>\n<\/div>\n\n<div class=\"wp-block-media-text alignwide is-stacked-on-mobile\">\n<figure class=\"wp-block-media-text__media\"><img loading=\"lazy\" decoding=\"async\" width=\"841\" height=\"577\" class=\"wp-image-1334 size-full\" src=\"https:\/\/www.netvolleyangleur.be\/netvolley.angleur@gmail.com\/wp-content\/uploads\/2023\/05\/dam2-1.jpg\" alt=\"\" srcset=\"https:\/\/www.netvolleyangleur.be\/wp-content\/uploads\/2023\/05\/dam2-1.jpg 841w, https:\/\/www.netvolleyangleur.be\/wp-content\/uploads\/2023\/05\/dam2-1-300x206.jpg 300w, https:\/\/www.netvolleyangleur.be\/wp-content\/uploads\/2023\/05\/dam2-1-768x527.jpg 768w\" sizes=\"(max-width: 841px) 100vw, 841px\" \/><\/figure>\n<div class=\"wp-block-media-text__content\">\n<p>\u00a0<\/p>\n\n<p><strong>\u00a0<u><span style=\"color: #0000ff;\">Equipe dames B Division 1<\/span><br \/><\/u><\/strong><span style=\"color: #ff0000;\"><strong>\u00ab\u00a0Descend en Dames 2 \u00ab\u00a0<\/strong><\/span><\/p>\n\n<p><span style=\"color: #000000;\"><strong>Composition de l&rsquo;\u00e9quipe Dames 2<\/strong><\/span><\/p>\n<span style=\"color: #000000;\"><\/span>\n<p><span style=\"color: #000000;\"><strong>&#8211; Jeanne Arnold\u00a0<u>(Capitaine)<\/u><\/strong><strong>\u00a0&#8211; Huberte Daele &#8211; Dany Enclin &#8211; Anne-Marie Evrard<\/strong><strong> &#8211; Marie-No\u00eblle Gretry &#8211; Bernadette Herman (Flemalle)\u00a0<\/strong><strong>&#8211; Suzanne Maes &#8211; Thi-T\u00e2n Nguyen <\/strong><\/span><span style=\"color: #000000;\"><strong>&#8211; Mady Quarr\u00e9<\/strong><\/span><\/p>\n<span style=\"color: #000000;\"><\/span><\/div>\n<\/div>\n\n<p>\u00a0<\/p>\n\n<p><span style=\"color: #0000ff;\"><strong>&#8211;\u00a0<u>Equipe mixte Division 4 :<\/u><\/strong><\/span><\/p>\n\n<p><span style=\"color: #993366;\"><strong>Pas d&rsquo;\u00e9quipe cette ann\u00e9e<\/strong><\/span><\/p>\n\t\t\t\t\t\t\t\t<\/div>\n\t\t\t\t<\/div>\n\t\t\t\t\t<\/div>\n\t\t<\/div>\n\t\t\t\t\t<\/div>\n\t\t<\/section>\n\t\t\t\t<\/div>\n\t\t","protected":false},"excerpt":{"rendered":"<p>\u00a0 &#8211;\u00a0Equipe Mixte A Division 3:\u00ab\u00a0Premi\u00e8re de D3X :Monte en D2&Prime; Composition de la D3 A &#8211; Pierre Andr\u00e9 &#8211; Luc Bodart &#8211; Dieudo Courtois [&hellip;]<\/p>\n","protected":false},"author":1,"featured_media":0,"parent":0,"menu_order":0,"comment_status":"closed","ping_status":"closed","template":"","meta":{"footnotes":""},"class_list":["post-1285","page","type-page","status-publish","hentry"],"_links":{"self":[{"href":"https:\/\/www.netvolleyangleur.be\/index.php\/wp-json\/wp\/v2\/pages\/1285","targetHints":{"allow":["GET"]}}],"collection":[{"href":"https:\/\/www.netvolleyangleur.be\/index.php\/wp-json\/wp\/v2\/pages"}],"about":[{"href":"https:\/\/www.netvolleyangleur.be\/index.php\/wp-json\/wp\/v2\/types\/page"}],"author":[{"embeddable":true,"href":"https:\/\/www.netvolleyangleur.be\/index.php\/wp-json\/wp\/v2\/users\/1"}],"replies":[{"embeddable":true,"href":"https:\/\/www.netvolleyangleur.be\/index.php\/wp-json\/wp\/v2\/comments?post=1285"}],"version-history":[{"count":25,"href":"https:\/\/www.netvolleyangleur.be\/index.php\/wp-json\/wp\/v2\/pages\/1285\/revisions"}],"predecessor-version":[{"id":7111,"href":"https:\/\/www.netvolleyangleur.be\/index.php\/wp-json\/wp\/v2\/pages\/1285\/revisions\/7111"}],"wp:attachment":[{"href":"https:\/\/www.netvolleyangleur.be\/index.php\/wp-json\/wp\/v2\/media?parent=1285"}],"curies":[{"name":"wp","href":"https:\/\/api.w.org\/{rel}","templated":true}]}}