{"id":1647,"date":"2023-05-20T13:02:29","date_gmt":"2023-05-20T11:02:29","guid":{"rendered":"https:\/\/www.netvolleyangleur.be\/netvolley.angleur@gmail.com\/?page_id=1647"},"modified":"2023-08-04T12:18:36","modified_gmt":"2023-08-04T10:18:36","slug":"ag-et-bbq-juin-2014-special-huberte","status":"publish","type":"page","link":"https:\/\/www.netvolleyangleur.be\/index.php\/ag-et-bbq-juin-2014-special-huberte\/","title":{"rendered":"AG et BBQ juin 2014 (sp\u00e9cial Huberte)"},"content":{"rendered":"\t\t<div data-elementor-type=\"wp-page\" data-elementor-id=\"1647\" class=\"elementor elementor-1647\">\n\t\t\t\t\t\t<section class=\"elementor-section elementor-top-section elementor-element elementor-element-4e530bb7 elementor-section-boxed elementor-section-height-default elementor-section-height-default\" data-id=\"4e530bb7\" data-element_type=\"section\" data-e-type=\"section\">\n\t\t\t\t\t\t<div class=\"elementor-container elementor-column-gap-default\">\n\t\t\t\t\t<div class=\"elementor-column elementor-col-100 elementor-top-column elementor-element elementor-element-68a6315a\" data-id=\"68a6315a\" data-element_type=\"column\" data-e-type=\"column\">\n\t\t\t<div class=\"elementor-widget-wrap elementor-element-populated\">\n\t\t\t\t\t\t<div class=\"elementor-element elementor-element-6796700b elementor-widget elementor-widget-text-editor\" data-id=\"6796700b\" data-element_type=\"widget\" data-e-type=\"widget\" data-widget_type=\"text-editor.default\">\n\t\t\t\t<div class=\"elementor-widget-container\">\n\t\t\t\t\t\t\t\t\t<table border=\"0\" width=\"860\" cellspacing=\"1\"><tbody><tr><td colspan=\"3\" align=\"center\" valign=\"top\" height=\"1\"><p><span style=\"color: #000066;\"><strong>Comme chaque ann\u00e9e, l&rsquo;Assembl\u00e9e G\u00e9n\u00e9rale est suivie du repas de fin de saison.<\/strong><\/span><\/p><p><img fetchpriority=\"high\" decoding=\"async\" class=\"alignnone wp-image-7235\" src=\"https:\/\/www.netvolleyangleur.be\/wp-content\/uploads\/2023\/08\/ag2014_2-300x150.jpg\" alt=\"\" width=\"564\" height=\"282\" srcset=\"https:\/\/www.netvolleyangleur.be\/wp-content\/uploads\/2023\/08\/ag2014_2-300x150.jpg 300w, https:\/\/www.netvolleyangleur.be\/wp-content\/uploads\/2023\/08\/ag2014_2-768x384.jpg 768w, https:\/\/www.netvolleyangleur.be\/wp-content\/uploads\/2023\/08\/ag2014_2.jpg 801w\" sizes=\"(max-width: 564px) 100vw, 564px\" \/><\/p><p><span style=\"color: #000066;\"><strong>Cette ann\u00e9e un<\/strong><\/span>\u00a0<strong><span style=\"color: #000066;\">\u00e9v\u00e8nement<\/span>\u00a0<span style=\"color: #000066;\">vient se superposer \u00e0 la r\u00e9union, n<\/span><span style=\"color: #000066;\">otre Pr\u00e9sidente<\/span><span style=\"color: #000066;\">.<\/span><\/strong><\/p><p><strong><span style=\"font-size: small;\"><em><span style=\"color: #0033ff; font-size: medium;\">\u00ab\u00a0Huberte Daele<\/span><\/em><\/span><\/strong><span style=\"font-size: small;\"><em><span style=\"color: #0033ff;\"><strong><span style=\"font-size: medium;\">\u00ab\u00a0<\/span><\/strong><\/span><\/em><strong><em><br \/><\/em><\/strong><\/span><strong><span style=\"color: #000066;\">remet sont tablier apr\u00e8s de tr\u00e8s nombreuses et productives ann\u00e9es<br \/>au service de Net-Volley Seniors Angleur.<\/span><\/strong><\/p><p><img decoding=\"async\" class=\"alignnone size-medium wp-image-7236\" src=\"https:\/\/www.netvolleyangleur.be\/wp-content\/uploads\/2023\/08\/apero-1-4-300x204.jpg\" alt=\"\" width=\"300\" height=\"204\" srcset=\"https:\/\/www.netvolleyangleur.be\/wp-content\/uploads\/2023\/08\/apero-1-4-300x204.jpg 300w, https:\/\/www.netvolleyangleur.be\/wp-content\/uploads\/2023\/08\/apero-1-4-1024x697.jpg 1024w, https:\/\/www.netvolleyangleur.be\/wp-content\/uploads\/2023\/08\/apero-1-4-768x523.jpg 768w, https:\/\/www.netvolleyangleur.be\/wp-content\/uploads\/2023\/08\/apero-1-4.jpg 1042w\" sizes=\"(max-width: 300px) 100vw, 300px\" \/><\/p><\/td><\/tr><tr><td align=\"center\" valign=\"top\" height=\"1\"><p><span style=\"color: #0000ff;\"><strong><u>Le traditionnel ap\u00e9ro.<\/u><\/strong><\/span><\/p><p><img decoding=\"async\" class=\"alignnone size-medium wp-image-7258\" src=\"https:\/\/www.netvolleyangleur.be\/wp-content\/uploads\/2023\/08\/animapero0614-1-300x169.gif\" alt=\"\" width=\"300\" height=\"169\" \/><\/p><\/td><td align=\"center\" valign=\"top\" height=\"1\">\u00a0<\/td><td align=\"center\" valign=\"top\" height=\"1\"><p><span style=\"color: #0000ff;\"><strong><u>Le mot de la Pr\u00e9sidente<\/u>.<\/strong><\/span><\/p><p align=\"center\"><img loading=\"lazy\" decoding=\"async\" class=\"alignnone size-medium wp-image-7242\" src=\"https:\/\/www.netvolleyangleur.be\/wp-content\/uploads\/2023\/08\/anim_2-300x180.jpg\" alt=\"\" width=\"300\" height=\"180\" srcset=\"https:\/\/www.netvolleyangleur.be\/wp-content\/uploads\/2023\/08\/anim_2-300x180.jpg 300w, https:\/\/www.netvolleyangleur.be\/wp-content\/uploads\/2023\/08\/anim_2.jpg 448w\" sizes=\"(max-width: 300px) 100vw, 300px\" \/><\/p><p align=\"right\"><span style=\"color: #0000ff;\"><strong><u>Une animation propos\u00e9e par Aldo.<\/u><\/strong><\/span><\/p><p align=\"right\"><img loading=\"lazy\" decoding=\"async\" class=\"alignnone size-medium wp-image-7243\" src=\"https:\/\/www.netvolleyangleur.be\/wp-content\/uploads\/2023\/08\/anim_1-300x180.jpg\" alt=\"\" width=\"300\" height=\"180\" srcset=\"https:\/\/www.netvolleyangleur.be\/wp-content\/uploads\/2023\/08\/anim_1-300x180.jpg 300w, https:\/\/www.netvolleyangleur.be\/wp-content\/uploads\/2023\/08\/anim_1.jpg 448w\" sizes=\"(max-width: 300px) 100vw, 300px\" \/><\/p><p align=\"right\">\u00a0<\/p><\/td><\/tr><tr><td align=\"center\" valign=\"top\" height=\"1\"><p><span style=\"color: #0000ff;\"><strong><u>Le repas B.B.Q.<\/u><\/strong><\/span><\/p><p><img loading=\"lazy\" decoding=\"async\" class=\"alignnone size-medium wp-image-7244\" src=\"https:\/\/www.netvolleyangleur.be\/wp-content\/uploads\/2023\/08\/animbbc1-300x180.gif\" alt=\"\" width=\"300\" height=\"180\" \/><\/p><p><img loading=\"lazy\" decoding=\"async\" class=\"alignnone size-medium wp-image-7246\" src=\"https:\/\/www.netvolleyangleur.be\/wp-content\/uploads\/2023\/08\/animbbc-300x169.gif\" alt=\"\" width=\"300\" height=\"169\" \/><\/p><\/td><td align=\"center\" valign=\"top\" height=\"1\">\u00a0<\/td><td align=\"center\" valign=\"top\" height=\"1\"><p><span style=\"color: #0000ff;\"><strong><u>Le jeu<\/u><\/strong><u>.<\/u><\/span><\/p><p><img loading=\"lazy\" decoding=\"async\" class=\"alignnone wp-image-7254\" src=\"https:\/\/www.netvolleyangleur.be\/wp-content\/uploads\/2023\/08\/animjeux-300x180.gif\" alt=\"\" width=\"314\" height=\"189\" \/><\/p><\/td><\/tr><tr><td align=\"center\" valign=\"top\" width=\"442\" height=\"1\"><p align=\"center\"><span style=\"color: #0000ff;\"><strong><u>Les g\u00e2teaux et les desserts.<\/u><\/strong><\/span><\/p><p align=\"center\"><img loading=\"lazy\" decoding=\"async\" class=\"alignnone size-full wp-image-7247\" src=\"https:\/\/www.netvolleyangleur.be\/wp-content\/uploads\/2023\/08\/fete_1.jpg\" alt=\"\" width=\"236\" height=\"235\" srcset=\"https:\/\/www.netvolleyangleur.be\/wp-content\/uploads\/2023\/08\/fete_1.jpg 236w, https:\/\/www.netvolleyangleur.be\/wp-content\/uploads\/2023\/08\/fete_1-150x150.jpg 150w\" sizes=\"(max-width: 236px) 100vw, 236px\" \/><\/p><p><img loading=\"lazy\" decoding=\"async\" class=\"alignnone size-medium wp-image-7248\" src=\"https:\/\/www.netvolleyangleur.be\/wp-content\/uploads\/2023\/08\/dessert-300x180.jpg\" alt=\"\" width=\"300\" height=\"180\" srcset=\"https:\/\/www.netvolleyangleur.be\/wp-content\/uploads\/2023\/08\/dessert-300x180.jpg 300w, https:\/\/www.netvolleyangleur.be\/wp-content\/uploads\/2023\/08\/dessert.jpg 352w\" sizes=\"(max-width: 300px) 100vw, 300px\" \/><\/p><\/td><td align=\"center\" valign=\"top\" width=\"6\" height=\"1\">\u00a0<\/td><td align=\"center\" valign=\"top\" width=\"402\" height=\"1\"><p><span style=\"color: #0000ff;\"><strong><u>Alors on danse!<\/u><\/strong><\/span><\/p><p><img loading=\"lazy\" decoding=\"async\" class=\"alignnone size-full wp-image-7249\" src=\"https:\/\/www.netvolleyangleur.be\/wp-content\/uploads\/2023\/08\/danseh.jpg\" alt=\"\" width=\"235\" height=\"285\" \/><\/p><p><img loading=\"lazy\" decoding=\"async\" class=\"alignnone size-medium wp-image-7250\" src=\"https:\/\/www.netvolleyangleur.be\/wp-content\/uploads\/2023\/08\/danse2-300x179.jpg\" alt=\"\" width=\"300\" height=\"179\" srcset=\"https:\/\/www.netvolleyangleur.be\/wp-content\/uploads\/2023\/08\/danse2-300x179.jpg 300w, https:\/\/www.netvolleyangleur.be\/wp-content\/uploads\/2023\/08\/danse2.jpg 400w\" sizes=\"(max-width: 300px) 100vw, 300px\" \/><\/p><\/td><\/tr><\/tbody><\/table>\t\t\t\t\t\t\t\t<\/div>\n\t\t\t\t<\/div>\n\t\t\t\t\t<\/div>\n\t\t<\/div>\n\t\t\t\t\t<\/div>\n\t\t<\/section>\n\t\t\t\t<\/div>\n\t\t","protected":false},"excerpt":{"rendered":"<p>Comme chaque ann\u00e9e, l&rsquo;Assembl\u00e9e G\u00e9n\u00e9rale est suivie du repas de fin de saison. Cette ann\u00e9e un\u00a0\u00e9v\u00e8nement\u00a0vient se superposer \u00e0 la r\u00e9union, notre Pr\u00e9sidente. \u00ab\u00a0Huberte Daele\u00ab\u00a0remet [&hellip;]<\/p>\n","protected":false},"author":1,"featured_media":0,"parent":0,"menu_order":0,"comment_status":"closed","ping_status":"closed","template":"","meta":{"footnotes":""},"class_list":["post-1647","page","type-page","status-publish","hentry"],"_links":{"self":[{"href":"https:\/\/www.netvolleyangleur.be\/index.php\/wp-json\/wp\/v2\/pages\/1647","targetHints":{"allow":["GET"]}}],"collection":[{"href":"https:\/\/www.netvolleyangleur.be\/index.php\/wp-json\/wp\/v2\/pages"}],"about":[{"href":"https:\/\/www.netvolleyangleur.be\/index.php\/wp-json\/wp\/v2\/types\/page"}],"author":[{"embeddable":true,"href":"https:\/\/www.netvolleyangleur.be\/index.php\/wp-json\/wp\/v2\/users\/1"}],"replies":[{"embeddable":true,"href":"https:\/\/www.netvolleyangleur.be\/index.php\/wp-json\/wp\/v2\/comments?post=1647"}],"version-history":[{"count":18,"href":"https:\/\/www.netvolleyangleur.be\/index.php\/wp-json\/wp\/v2\/pages\/1647\/revisions"}],"predecessor-version":[{"id":7262,"href":"https:\/\/www.netvolleyangleur.be\/index.php\/wp-json\/wp\/v2\/pages\/1647\/revisions\/7262"}],"wp:attachment":[{"href":"https:\/\/www.netvolleyangleur.be\/index.php\/wp-json\/wp\/v2\/media?parent=1647"}],"curies":[{"name":"wp","href":"https:\/\/api.w.org\/{rel}","templated":true}]}}