{"id":2787,"date":"2023-06-11T18:07:33","date_gmt":"2023-06-11T16:07:33","guid":{"rendered":"https:\/\/www.netvolleyangleur.be\/netvolley.angleur@gmail.com\/?page_id=2787"},"modified":"2023-06-12T16:59:57","modified_gmt":"2023-06-12T14:59:57","slug":"repas-d3-fin-de-saison","status":"publish","type":"page","link":"https:\/\/www.netvolleyangleur.be\/index.php\/repas-d3-fin-de-saison\/","title":{"rendered":"Repas D3 fin de saison"},"content":{"rendered":"\t\t<div data-elementor-type=\"wp-page\" data-elementor-id=\"2787\" class=\"elementor elementor-2787\">\n\t\t\t\t\t\t<section class=\"elementor-section elementor-top-section elementor-element elementor-element-3ac01354 elementor-section-boxed elementor-section-height-default elementor-section-height-default\" data-id=\"3ac01354\" data-element_type=\"section\" data-e-type=\"section\">\n\t\t\t\t\t\t<div class=\"elementor-container elementor-column-gap-default\">\n\t\t\t\t\t<div class=\"elementor-column elementor-col-100 elementor-top-column elementor-element elementor-element-4dcb2fab\" data-id=\"4dcb2fab\" data-element_type=\"column\" data-e-type=\"column\">\n\t\t\t<div class=\"elementor-widget-wrap elementor-element-populated\">\n\t\t\t\t\t\t<div class=\"elementor-element elementor-element-12d50e39 elementor-widget elementor-widget-text-editor\" data-id=\"12d50e39\" data-element_type=\"widget\" data-e-type=\"widget\" data-widget_type=\"text-editor.default\">\n\t\t\t\t<div class=\"elementor-widget-container\">\n\t\t\t\t\t\t\t\t\t\n<p style=\"text-align: center;\"><span style=\"text-decoration: underline; color: #0000ff;\"><strong>La D3 chez notre Sponsor du Caf\u00e9 de la Place \u00e0 Boncelles, en compagnie du Pr\u00e9sident et de son \u00e9pouse.<\/strong><\/span><\/p>\n<p>\u00a0<\/p>\n\n<p><img fetchpriority=\"high\" decoding=\"async\" class=\"alignnone size-medium wp-image-2959\" src=\"https:\/\/www.netvolleyangleur.be\/netvolley.angleur@gmail.com\/wp-content\/uploads\/2023\/06\/0a303f2b-61c5-49e9-a94a-80cbbd221aa3-169x300.jpg\" alt=\"\" width=\"169\" height=\"300\" srcset=\"https:\/\/www.netvolleyangleur.be\/wp-content\/uploads\/2023\/06\/0a303f2b-61c5-49e9-a94a-80cbbd221aa3-169x300.jpg 169w, https:\/\/www.netvolleyangleur.be\/wp-content\/uploads\/2023\/06\/0a303f2b-61c5-49e9-a94a-80cbbd221aa3-576x1024.jpg 576w, https:\/\/www.netvolleyangleur.be\/wp-content\/uploads\/2023\/06\/0a303f2b-61c5-49e9-a94a-80cbbd221aa3-768x1365.jpg 768w, https:\/\/www.netvolleyangleur.be\/wp-content\/uploads\/2023\/06\/0a303f2b-61c5-49e9-a94a-80cbbd221aa3-864x1536.jpg 864w, https:\/\/www.netvolleyangleur.be\/wp-content\/uploads\/2023\/06\/0a303f2b-61c5-49e9-a94a-80cbbd221aa3.jpg 1048w\" sizes=\"(max-width: 169px) 100vw, 169px\" \/>\u00a0 \u00a0 \u00a0 \u00a0 \u00a0\u00a0 <img decoding=\"async\" class=\"alignnone size-medium wp-image-2960\" src=\"https:\/\/www.netvolleyangleur.be\/netvolley.angleur@gmail.com\/wp-content\/uploads\/2023\/06\/0f708444-dc0a-412f-bcff-afdd57d17147-169x300.jpg\" alt=\"\" width=\"169\" height=\"300\" srcset=\"https:\/\/www.netvolleyangleur.be\/wp-content\/uploads\/2023\/06\/0f708444-dc0a-412f-bcff-afdd57d17147-169x300.jpg 169w, https:\/\/www.netvolleyangleur.be\/wp-content\/uploads\/2023\/06\/0f708444-dc0a-412f-bcff-afdd57d17147-576x1024.jpg 576w, https:\/\/www.netvolleyangleur.be\/wp-content\/uploads\/2023\/06\/0f708444-dc0a-412f-bcff-afdd57d17147-768x1365.jpg 768w, https:\/\/www.netvolleyangleur.be\/wp-content\/uploads\/2023\/06\/0f708444-dc0a-412f-bcff-afdd57d17147-864x1536.jpg 864w, https:\/\/www.netvolleyangleur.be\/wp-content\/uploads\/2023\/06\/0f708444-dc0a-412f-bcff-afdd57d17147.jpg 1048w\" sizes=\"(max-width: 169px) 100vw, 169px\" \/>\u00a0 \u00a0 \u00a0 \u00a0 \u00a0\u00a0 <img decoding=\"async\" class=\"alignnone size-medium wp-image-2961\" src=\"https:\/\/www.netvolleyangleur.be\/netvolley.angleur@gmail.com\/wp-content\/uploads\/2023\/06\/3dc1340f-fdf3-485e-85ae-de4d5cc11ba9-169x300.jpg\" alt=\"\" width=\"169\" height=\"300\" srcset=\"https:\/\/www.netvolleyangleur.be\/wp-content\/uploads\/2023\/06\/3dc1340f-fdf3-485e-85ae-de4d5cc11ba9-169x300.jpg 169w, https:\/\/www.netvolleyangleur.be\/wp-content\/uploads\/2023\/06\/3dc1340f-fdf3-485e-85ae-de4d5cc11ba9-576x1024.jpg 576w, https:\/\/www.netvolleyangleur.be\/wp-content\/uploads\/2023\/06\/3dc1340f-fdf3-485e-85ae-de4d5cc11ba9-768x1365.jpg 768w, https:\/\/www.netvolleyangleur.be\/wp-content\/uploads\/2023\/06\/3dc1340f-fdf3-485e-85ae-de4d5cc11ba9-864x1536.jpg 864w, https:\/\/www.netvolleyangleur.be\/wp-content\/uploads\/2023\/06\/3dc1340f-fdf3-485e-85ae-de4d5cc11ba9.jpg 1048w\" sizes=\"(max-width: 169px) 100vw, 169px\" \/>\u00a0 \u00a0 \u00a0 \u00a0 \u00a0 <img loading=\"lazy\" decoding=\"async\" class=\"alignnone size-medium wp-image-2962\" src=\"https:\/\/www.netvolleyangleur.be\/netvolley.angleur@gmail.com\/wp-content\/uploads\/2023\/06\/3f8b7152-1ddf-4a9f-a33a-f2bf602a0c22-169x300.jpg\" alt=\"\" width=\"169\" height=\"300\" srcset=\"https:\/\/www.netvolleyangleur.be\/wp-content\/uploads\/2023\/06\/3f8b7152-1ddf-4a9f-a33a-f2bf602a0c22-169x300.jpg 169w, https:\/\/www.netvolleyangleur.be\/wp-content\/uploads\/2023\/06\/3f8b7152-1ddf-4a9f-a33a-f2bf602a0c22-576x1024.jpg 576w, https:\/\/www.netvolleyangleur.be\/wp-content\/uploads\/2023\/06\/3f8b7152-1ddf-4a9f-a33a-f2bf602a0c22-768x1365.jpg 768w, https:\/\/www.netvolleyangleur.be\/wp-content\/uploads\/2023\/06\/3f8b7152-1ddf-4a9f-a33a-f2bf602a0c22-864x1536.jpg 864w, https:\/\/www.netvolleyangleur.be\/wp-content\/uploads\/2023\/06\/3f8b7152-1ddf-4a9f-a33a-f2bf602a0c22.jpg 1048w\" sizes=\"(max-width: 169px) 100vw, 169px\" \/>\u00a0 \u00a0 \u00a0 \u00a0<img loading=\"lazy\" decoding=\"async\" class=\"alignnone size-medium wp-image-2963\" src=\"https:\/\/www.netvolleyangleur.be\/netvolley.angleur@gmail.com\/wp-content\/uploads\/2023\/06\/4da118bf-8ea3-4cad-80d7-043f7d7a73e4-169x300.jpg\" alt=\"\" width=\"169\" height=\"300\" srcset=\"https:\/\/www.netvolleyangleur.be\/wp-content\/uploads\/2023\/06\/4da118bf-8ea3-4cad-80d7-043f7d7a73e4-169x300.jpg 169w, https:\/\/www.netvolleyangleur.be\/wp-content\/uploads\/2023\/06\/4da118bf-8ea3-4cad-80d7-043f7d7a73e4-576x1024.jpg 576w, https:\/\/www.netvolleyangleur.be\/wp-content\/uploads\/2023\/06\/4da118bf-8ea3-4cad-80d7-043f7d7a73e4-768x1365.jpg 768w, https:\/\/www.netvolleyangleur.be\/wp-content\/uploads\/2023\/06\/4da118bf-8ea3-4cad-80d7-043f7d7a73e4-864x1536.jpg 864w, https:\/\/www.netvolleyangleur.be\/wp-content\/uploads\/2023\/06\/4da118bf-8ea3-4cad-80d7-043f7d7a73e4.jpg 1048w\" sizes=\"(max-width: 169px) 100vw, 169px\" \/>\u00a0 \u00a0 \u00a0 \u00a0 \u00a0 \u00a0<\/p>\n<p>\u00a0 \u00a0 \u00a0 \u00a0 \u00a0 \u00a0 \u00a0<img loading=\"lazy\" decoding=\"async\" class=\"alignnone size-medium wp-image-2966\" src=\"https:\/\/www.netvolleyangleur.be\/netvolley.angleur@gmail.com\/wp-content\/uploads\/2023\/06\/019b9781-5a3c-4adf-81eb-bc298e33d1b5-169x300.jpg\" alt=\"\" width=\"169\" height=\"300\" srcset=\"https:\/\/www.netvolleyangleur.be\/wp-content\/uploads\/2023\/06\/019b9781-5a3c-4adf-81eb-bc298e33d1b5-169x300.jpg 169w, https:\/\/www.netvolleyangleur.be\/wp-content\/uploads\/2023\/06\/019b9781-5a3c-4adf-81eb-bc298e33d1b5-576x1024.jpg 576w, https:\/\/www.netvolleyangleur.be\/wp-content\/uploads\/2023\/06\/019b9781-5a3c-4adf-81eb-bc298e33d1b5-768x1365.jpg 768w, https:\/\/www.netvolleyangleur.be\/wp-content\/uploads\/2023\/06\/019b9781-5a3c-4adf-81eb-bc298e33d1b5-864x1536.jpg 864w, https:\/\/www.netvolleyangleur.be\/wp-content\/uploads\/2023\/06\/019b9781-5a3c-4adf-81eb-bc298e33d1b5.jpg 1048w\" sizes=\"(max-width: 169px) 100vw, 169px\" \/> \u00a0<span style=\"color: #ff6600;\"><strong>Le Pr\u00e9sident explique comment il a pri\u00e9 pour la \u00ab\u00a0remontada\u00a0\u00bb de l&rsquo;\u00e9quipe et cela a <\/strong><\/span><strong><span style=\"color: #ff6600;\">march\u00e9<\/span><\/strong><\/p>\n<p><img loading=\"lazy\" decoding=\"async\" class=\"alignnone size-medium wp-image-2967\" src=\"https:\/\/www.netvolleyangleur.be\/netvolley.angleur@gmail.com\/wp-content\/uploads\/2023\/06\/5342e237-0129-45b7-8cab-aa8ab4566110-169x300.jpg\" alt=\"\" width=\"169\" height=\"300\" srcset=\"https:\/\/www.netvolleyangleur.be\/wp-content\/uploads\/2023\/06\/5342e237-0129-45b7-8cab-aa8ab4566110-169x300.jpg 169w, https:\/\/www.netvolleyangleur.be\/wp-content\/uploads\/2023\/06\/5342e237-0129-45b7-8cab-aa8ab4566110-576x1024.jpg 576w, https:\/\/www.netvolleyangleur.be\/wp-content\/uploads\/2023\/06\/5342e237-0129-45b7-8cab-aa8ab4566110-768x1365.jpg 768w, https:\/\/www.netvolleyangleur.be\/wp-content\/uploads\/2023\/06\/5342e237-0129-45b7-8cab-aa8ab4566110-864x1536.jpg 864w, https:\/\/www.netvolleyangleur.be\/wp-content\/uploads\/2023\/06\/5342e237-0129-45b7-8cab-aa8ab4566110.jpg 1048w\" sizes=\"(max-width: 169px) 100vw, 169px\" \/>\u00a0 \u00a0 \u00a0 \u00a0 \u00a0 \u00a0 \u00a0 \u00a0 <img loading=\"lazy\" decoding=\"async\" class=\"alignnone size-medium wp-image-2968\" src=\"https:\/\/www.netvolleyangleur.be\/netvolley.angleur@gmail.com\/wp-content\/uploads\/2023\/06\/56513cbd-c68b-4f1a-8859-9b3b7a62dcb7-169x300.jpg\" alt=\"\" width=\"169\" height=\"300\" srcset=\"https:\/\/www.netvolleyangleur.be\/wp-content\/uploads\/2023\/06\/56513cbd-c68b-4f1a-8859-9b3b7a62dcb7-169x300.jpg 169w, https:\/\/www.netvolleyangleur.be\/wp-content\/uploads\/2023\/06\/56513cbd-c68b-4f1a-8859-9b3b7a62dcb7-576x1024.jpg 576w, https:\/\/www.netvolleyangleur.be\/wp-content\/uploads\/2023\/06\/56513cbd-c68b-4f1a-8859-9b3b7a62dcb7-768x1365.jpg 768w, https:\/\/www.netvolleyangleur.be\/wp-content\/uploads\/2023\/06\/56513cbd-c68b-4f1a-8859-9b3b7a62dcb7-864x1536.jpg 864w, https:\/\/www.netvolleyangleur.be\/wp-content\/uploads\/2023\/06\/56513cbd-c68b-4f1a-8859-9b3b7a62dcb7.jpg 1048w\" sizes=\"(max-width: 169px) 100vw, 169px\" \/>\u00a0 \u00a0 \u00a0 <img loading=\"lazy\" decoding=\"async\" class=\"alignnone size-medium wp-image-2965\" src=\"https:\/\/www.netvolleyangleur.be\/netvolley.angleur@gmail.com\/wp-content\/uploads\/2023\/06\/7e515a44-645e-4444-9ebf-5003268c84b1-169x300.jpg\" alt=\"\" width=\"169\" height=\"300\" srcset=\"https:\/\/www.netvolleyangleur.be\/wp-content\/uploads\/2023\/06\/7e515a44-645e-4444-9ebf-5003268c84b1-169x300.jpg 169w, https:\/\/www.netvolleyangleur.be\/wp-content\/uploads\/2023\/06\/7e515a44-645e-4444-9ebf-5003268c84b1-576x1024.jpg 576w, https:\/\/www.netvolleyangleur.be\/wp-content\/uploads\/2023\/06\/7e515a44-645e-4444-9ebf-5003268c84b1-768x1365.jpg 768w, https:\/\/www.netvolleyangleur.be\/wp-content\/uploads\/2023\/06\/7e515a44-645e-4444-9ebf-5003268c84b1-864x1536.jpg 864w, https:\/\/www.netvolleyangleur.be\/wp-content\/uploads\/2023\/06\/7e515a44-645e-4444-9ebf-5003268c84b1.jpg 1048w\" sizes=\"(max-width: 169px) 100vw, 169px\" \/>\u00a0 \u00a0 \u00a0 \u00a0 \u00a0 <img loading=\"lazy\" decoding=\"async\" class=\"alignnone size-medium wp-image-2969\" src=\"https:\/\/www.netvolleyangleur.be\/netvolley.angleur@gmail.com\/wp-content\/uploads\/2023\/06\/69974c04-c10c-4425-9aaa-30eb4d53431e-169x300.jpg\" alt=\"\" width=\"169\" height=\"300\" srcset=\"https:\/\/www.netvolleyangleur.be\/wp-content\/uploads\/2023\/06\/69974c04-c10c-4425-9aaa-30eb4d53431e-169x300.jpg 169w, https:\/\/www.netvolleyangleur.be\/wp-content\/uploads\/2023\/06\/69974c04-c10c-4425-9aaa-30eb4d53431e-576x1024.jpg 576w, https:\/\/www.netvolleyangleur.be\/wp-content\/uploads\/2023\/06\/69974c04-c10c-4425-9aaa-30eb4d53431e-768x1365.jpg 768w, https:\/\/www.netvolleyangleur.be\/wp-content\/uploads\/2023\/06\/69974c04-c10c-4425-9aaa-30eb4d53431e-864x1536.jpg 864w, https:\/\/www.netvolleyangleur.be\/wp-content\/uploads\/2023\/06\/69974c04-c10c-4425-9aaa-30eb4d53431e.jpg 1048w\" sizes=\"(max-width: 169px) 100vw, 169px\" \/>\u00a0 \u00a0 \u00a0<\/p>\n<p>\u00a0<\/p>\n<p>\u00a0 <img loading=\"lazy\" decoding=\"async\" class=\"alignnone size-medium wp-image-2970\" src=\"https:\/\/www.netvolleyangleur.be\/netvolley.angleur@gmail.com\/wp-content\/uploads\/2023\/06\/3880626b-08d4-4f8d-8274-476c65a9fe4e-300x169.jpg\" alt=\"\" width=\"300\" height=\"169\" srcset=\"https:\/\/www.netvolleyangleur.be\/wp-content\/uploads\/2023\/06\/3880626b-08d4-4f8d-8274-476c65a9fe4e-300x169.jpg 300w, https:\/\/www.netvolleyangleur.be\/wp-content\/uploads\/2023\/06\/3880626b-08d4-4f8d-8274-476c65a9fe4e-1024x576.jpg 1024w, https:\/\/www.netvolleyangleur.be\/wp-content\/uploads\/2023\/06\/3880626b-08d4-4f8d-8274-476c65a9fe4e-768x432.jpg 768w, https:\/\/www.netvolleyangleur.be\/wp-content\/uploads\/2023\/06\/3880626b-08d4-4f8d-8274-476c65a9fe4e-1536x864.jpg 1536w, https:\/\/www.netvolleyangleur.be\/wp-content\/uploads\/2023\/06\/3880626b-08d4-4f8d-8274-476c65a9fe4e.jpg 2000w\" sizes=\"(max-width: 300px) 100vw, 300px\" \/> <span style=\"color: #0000ff;\"><strong>Claude et ses \u00ab\u00a0Claudettes\u00a0\u00bb<\/strong><\/span> <img loading=\"lazy\" decoding=\"async\" class=\"alignnone size-medium wp-image-2974\" src=\"https:\/\/www.netvolleyangleur.be\/netvolley.angleur@gmail.com\/wp-content\/uploads\/2023\/06\/dbcf9128-de73-499d-a579-a779e58b1b70-300x169.jpg\" alt=\"\" width=\"300\" height=\"169\" srcset=\"https:\/\/www.netvolleyangleur.be\/wp-content\/uploads\/2023\/06\/dbcf9128-de73-499d-a579-a779e58b1b70-300x169.jpg 300w, https:\/\/www.netvolleyangleur.be\/wp-content\/uploads\/2023\/06\/dbcf9128-de73-499d-a579-a779e58b1b70-1024x576.jpg 1024w, https:\/\/www.netvolleyangleur.be\/wp-content\/uploads\/2023\/06\/dbcf9128-de73-499d-a579-a779e58b1b70-768x432.jpg 768w, https:\/\/www.netvolleyangleur.be\/wp-content\/uploads\/2023\/06\/dbcf9128-de73-499d-a579-a779e58b1b70-1536x864.jpg 1536w, https:\/\/www.netvolleyangleur.be\/wp-content\/uploads\/2023\/06\/dbcf9128-de73-499d-a579-a779e58b1b70.jpg 2000w\" sizes=\"(max-width: 300px) 100vw, 300px\" \/><\/p>\n<p>\u00a0 \u00a0<img loading=\"lazy\" decoding=\"async\" class=\"alignnone size-medium wp-image-2971\" src=\"https:\/\/www.netvolleyangleur.be\/netvolley.angleur@gmail.com\/wp-content\/uploads\/2023\/06\/4713538e-2d84-4e81-a051-820f25489175-169x300.jpg\" alt=\"\" width=\"169\" height=\"300\" srcset=\"https:\/\/www.netvolleyangleur.be\/wp-content\/uploads\/2023\/06\/4713538e-2d84-4e81-a051-820f25489175-169x300.jpg 169w, https:\/\/www.netvolleyangleur.be\/wp-content\/uploads\/2023\/06\/4713538e-2d84-4e81-a051-820f25489175-576x1024.jpg 576w, https:\/\/www.netvolleyangleur.be\/wp-content\/uploads\/2023\/06\/4713538e-2d84-4e81-a051-820f25489175-768x1365.jpg 768w, https:\/\/www.netvolleyangleur.be\/wp-content\/uploads\/2023\/06\/4713538e-2d84-4e81-a051-820f25489175-864x1536.jpg 864w, https:\/\/www.netvolleyangleur.be\/wp-content\/uploads\/2023\/06\/4713538e-2d84-4e81-a051-820f25489175.jpg 1048w\" sizes=\"(max-width: 169px) 100vw, 169px\" \/>\u00a0 \u00a0 \u00a0 \u00a0 \u00a0 \u00a0 \u00a0 <img loading=\"lazy\" decoding=\"async\" class=\"alignnone size-medium wp-image-2972\" src=\"https:\/\/www.netvolleyangleur.be\/netvolley.angleur@gmail.com\/wp-content\/uploads\/2023\/06\/a2c5d42b-d059-45fa-b651-b072da43d2f0-169x300.jpg\" alt=\"\" width=\"169\" height=\"300\" srcset=\"https:\/\/www.netvolleyangleur.be\/wp-content\/uploads\/2023\/06\/a2c5d42b-d059-45fa-b651-b072da43d2f0-169x300.jpg 169w, https:\/\/www.netvolleyangleur.be\/wp-content\/uploads\/2023\/06\/a2c5d42b-d059-45fa-b651-b072da43d2f0-576x1024.jpg 576w, https:\/\/www.netvolleyangleur.be\/wp-content\/uploads\/2023\/06\/a2c5d42b-d059-45fa-b651-b072da43d2f0-768x1365.jpg 768w, https:\/\/www.netvolleyangleur.be\/wp-content\/uploads\/2023\/06\/a2c5d42b-d059-45fa-b651-b072da43d2f0-864x1536.jpg 864w, https:\/\/www.netvolleyangleur.be\/wp-content\/uploads\/2023\/06\/a2c5d42b-d059-45fa-b651-b072da43d2f0.jpg 1048w\" sizes=\"(max-width: 169px) 100vw, 169px\" \/>\u00a0 \u00a0 \u00a0 \u00a0 \u00a0 \u00a0 \u00a0 <img loading=\"lazy\" decoding=\"async\" class=\"alignnone size-medium wp-image-2973\" src=\"https:\/\/www.netvolleyangleur.be\/netvolley.angleur@gmail.com\/wp-content\/uploads\/2023\/06\/a3591022-25eb-491b-8207-1639b48d5d13-169x300.jpg\" alt=\"\" width=\"169\" height=\"300\" srcset=\"https:\/\/www.netvolleyangleur.be\/wp-content\/uploads\/2023\/06\/a3591022-25eb-491b-8207-1639b48d5d13-169x300.jpg 169w, https:\/\/www.netvolleyangleur.be\/wp-content\/uploads\/2023\/06\/a3591022-25eb-491b-8207-1639b48d5d13-576x1024.jpg 576w, https:\/\/www.netvolleyangleur.be\/wp-content\/uploads\/2023\/06\/a3591022-25eb-491b-8207-1639b48d5d13-768x1365.jpg 768w, https:\/\/www.netvolleyangleur.be\/wp-content\/uploads\/2023\/06\/a3591022-25eb-491b-8207-1639b48d5d13-864x1536.jpg 864w, https:\/\/www.netvolleyangleur.be\/wp-content\/uploads\/2023\/06\/a3591022-25eb-491b-8207-1639b48d5d13.jpg 1048w\" sizes=\"(max-width: 169px) 100vw, 169px\" \/>\u00a0 \u00a0 \u00a0 \u00a0 \u00a0 \u00a0\u00a0 \u00a0 \u00a0 \u00a0 \u00a0 \u00a0 \u00a0\u00a0<img loading=\"lazy\" decoding=\"async\" class=\"alignnone size-medium wp-image-2975\" src=\"https:\/\/www.netvolleyangleur.be\/netvolley.angleur@gmail.com\/wp-content\/uploads\/2023\/06\/f9e5adc4-11ab-44fd-9252-d7491acd4b46-169x300.jpg\" alt=\"\" width=\"169\" height=\"300\" srcset=\"https:\/\/www.netvolleyangleur.be\/wp-content\/uploads\/2023\/06\/f9e5adc4-11ab-44fd-9252-d7491acd4b46-169x300.jpg 169w, https:\/\/www.netvolleyangleur.be\/wp-content\/uploads\/2023\/06\/f9e5adc4-11ab-44fd-9252-d7491acd4b46-576x1024.jpg 576w, https:\/\/www.netvolleyangleur.be\/wp-content\/uploads\/2023\/06\/f9e5adc4-11ab-44fd-9252-d7491acd4b46-768x1365.jpg 768w, https:\/\/www.netvolleyangleur.be\/wp-content\/uploads\/2023\/06\/f9e5adc4-11ab-44fd-9252-d7491acd4b46-864x1536.jpg 864w, https:\/\/www.netvolleyangleur.be\/wp-content\/uploads\/2023\/06\/f9e5adc4-11ab-44fd-9252-d7491acd4b46.jpg 1048w\" sizes=\"(max-width: 169px) 100vw, 169px\" \/><\/p>\n\t\t\t\t\t\t\t\t<\/div>\n\t\t\t\t<\/div>\n\t\t\t\t\t<\/div>\n\t\t<\/div>\n\t\t\t\t\t<\/div>\n\t\t<\/section>\n\t\t\t\t<\/div>\n\t\t","protected":false},"excerpt":{"rendered":"<p>La D3 chez notre Sponsor du Caf\u00e9 de la Place \u00e0 Boncelles, en compagnie du Pr\u00e9sident et de son \u00e9pouse. &nbsp; &nbsp; &nbsp; &nbsp; &nbsp; [&hellip;]<\/p>\n","protected":false},"author":1,"featured_media":0,"parent":0,"menu_order":0,"comment_status":"closed","ping_status":"closed","template":"","meta":{"footnotes":""},"class_list":["post-2787","page","type-page","status-publish","hentry"],"_links":{"self":[{"href":"https:\/\/www.netvolleyangleur.be\/index.php\/wp-json\/wp\/v2\/pages\/2787","targetHints":{"allow":["GET"]}}],"collection":[{"href":"https:\/\/www.netvolleyangleur.be\/index.php\/wp-json\/wp\/v2\/pages"}],"about":[{"href":"https:\/\/www.netvolleyangleur.be\/index.php\/wp-json\/wp\/v2\/types\/page"}],"author":[{"embeddable":true,"href":"https:\/\/www.netvolleyangleur.be\/index.php\/wp-json\/wp\/v2\/users\/1"}],"replies":[{"embeddable":true,"href":"https:\/\/www.netvolleyangleur.be\/index.php\/wp-json\/wp\/v2\/comments?post=2787"}],"version-history":[{"count":13,"href":"https:\/\/www.netvolleyangleur.be\/index.php\/wp-json\/wp\/v2\/pages\/2787\/revisions"}],"predecessor-version":[{"id":2986,"href":"https:\/\/www.netvolleyangleur.be\/index.php\/wp-json\/wp\/v2\/pages\/2787\/revisions\/2986"}],"wp:attachment":[{"href":"https:\/\/www.netvolleyangleur.be\/index.php\/wp-json\/wp\/v2\/media?parent=2787"}],"curies":[{"name":"wp","href":"https:\/\/api.w.org\/{rel}","templated":true}]}}