{"id":3,"date":"2023-04-26T11:16:28","date_gmt":"2023-04-26T09:16:28","guid":{"rendered":"http:\/\/www.netvolleyangleur.be\/netvolley.angleur@gmail.com\/?page_id=3"},"modified":"2023-07-11T16:18:58","modified_gmt":"2023-07-11T14:18:58","slug":"politique-de-confidentialite","status":"publish","type":"page","link":"https:\/\/www.netvolleyangleur.be\/index.php\/politique-de-confidentialite\/","title":{"rendered":"Le Club"},"content":{"rendered":"\n<h2 class=\"wp-block-heading has-green-color has-text-color\">Qui sommes-nous&nbsp;?<\/h2>\n\n\n\n<p class=\"has-blue-color has-text-color\"><strong class=\"privacy-policy-tutorial\"> <\/strong><strong>Notre club fait partie d&rsquo;Angleur Sports ASBL et de l&rsquo;U3A (Universit\u00e9 du 3eme \u00e2ge de Li\u00e8ge<\/strong>)<\/p>\n\n\n\n<p class=\"has-red-color has-text-color\">                                                 <strong> Il existe depuis 1976<\/strong><\/p>\n\n\n\n<p><\/p>\n\n\n\n<p class=\"has-black-color has-text-color\"><strong>L\u2019 adresse de notre site est&nbsp;: https:\/\/www.netvolleyangleur.be<\/strong><\/p>\n\n\n\n<p class=\"has-black-color has-text-color\"><strong>Notre adresse mail est : netvolley.angleur@gmail.com.<\/strong><\/p>\n\n\n\n<p class=\"has-blue-color has-text-color\"><strong>Renseignements : Pr\u00e9sident, Go\u00ebm\u00e9 Philippe     T\u00e9l. : 0495 10 65 47<\/strong><\/p>\n\n\n\n<p><\/p>\n\n\n\n<p><\/p>\n\n\n\n<h2 class=\"wp-block-heading has-green-color has-text-color\">Objectifs<\/h2>\n\n\n\n<p class=\"has-purple-color has-text-color\"><strong class=\"privacy-policy-tutorial\"> <\/strong><strong>Loisir, d\u00e9tente, esprit d&rsquo;\u00e9quipe, convivialit\u00e9, entretien de la condition physique,&#8230;.<\/strong><\/p>\n\n\n\n<p><\/p>\n\n\n\n<p><\/p>\n\n\n\n<h2 class=\"wp-block-heading has-green-color has-text-color\">Qu&rsquo;est ce que le Net Volley<\/h2>\n\n\n\n<p class=\"has-red-color has-text-color\"><strong>Du Volley adapt\u00e9 aux seniors : a partir de 50 ans pour les dames et 55 ans pour les messieurs<\/strong><\/p>\n\n\n\n<p><\/p>\n\n\n\n<p><\/p>\n\n\n\n<h2 class=\"wp-block-heading has-green-color has-text-color\">Coordon\u00e9es<\/h2>\n\n\n\n<p class=\"has-text-color\" style=\"color:#e063c9\"> <strong>Adresse du lieu d&rsquo;entra\u00eenement et de comp\u00e9tition<\/strong><\/p>\n\n\n\n<p><strong>Hall Omnisports \u00ab\u00a0Charles Davin\u00a0\u00bb<\/strong><\/p>\n\n\n\n<p class=\"has-black-color has-text-color\"><strong>Rue sous-le-Bois, 2<\/strong><\/p>\n\n\n\n<p class=\"has-black-color has-text-color\"><strong>4031 Angleur<\/strong><\/p>\n\n\n\n<p class=\"has-black-color has-text-color\"><strong>T\u00e9l. Hall : +32 4 367 14 33<\/strong><\/p>\n\n\n\n<p class=\"has-black-color has-text-color\"><strong>T\u00e9l. Caf\u00e9t\u00e9ria : +32 498 24 57 57 (Vanessa)<\/strong><\/p>\n\n\n\n<p><\/p>\n\n\n\n<p class=\"has-blue-color has-text-color\"><strong>Contact pr\u00e9sidence : +32 495 10 65 47        adresse mail : philgoeme@msn.com<\/strong><\/p>\n\n\n\n<p class=\"has-blue-color has-text-color\"><strong>Contact secr\u00e9tariat : netvolley.angleur@gmail.com<\/strong><\/p>\n\n\n\n<p><\/p>\n\n\n\n<p><\/p>\n","protected":false},"excerpt":{"rendered":"<p>Qui sommes-nous&nbsp;? Notre club fait partie d&rsquo;Angleur Sports ASBL et de l&rsquo;U3A (Universit\u00e9 du 3eme \u00e2ge de Li\u00e8ge) Il existe depuis 1976 L\u2019 adresse de [&hellip;]<\/p>\n","protected":false},"author":1,"featured_media":0,"parent":0,"menu_order":2,"comment_status":"closed","ping_status":"closed","template":"","meta":{"footnotes":""},"class_list":["post-3","page","type-page","status-publish","hentry"],"_links":{"self":[{"href":"https:\/\/www.netvolleyangleur.be\/index.php\/wp-json\/wp\/v2\/pages\/3","targetHints":{"allow":["GET"]}}],"collection":[{"href":"https:\/\/www.netvolleyangleur.be\/index.php\/wp-json\/wp\/v2\/pages"}],"about":[{"href":"https:\/\/www.netvolleyangleur.be\/index.php\/wp-json\/wp\/v2\/types\/page"}],"author":[{"embeddable":true,"href":"https:\/\/www.netvolleyangleur.be\/index.php\/wp-json\/wp\/v2\/users\/1"}],"replies":[{"embeddable":true,"href":"https:\/\/www.netvolleyangleur.be\/index.php\/wp-json\/wp\/v2\/comments?post=3"}],"version-history":[{"count":13,"href":"https:\/\/www.netvolleyangleur.be\/index.php\/wp-json\/wp\/v2\/pages\/3\/revisions"}],"predecessor-version":[{"id":3826,"href":"https:\/\/www.netvolleyangleur.be\/index.php\/wp-json\/wp\/v2\/pages\/3\/revisions\/3826"}],"wp:attachment":[{"href":"https:\/\/www.netvolleyangleur.be\/index.php\/wp-json\/wp\/v2\/media?parent=3"}],"curies":[{"name":"wp","href":"https:\/\/api.w.org\/{rel}","templated":true}]}}